rs of 367.
367
List the prime factors of 126055.
5, 17, 1483
What are the prime factors of 625?
5
List the prime factors of 38157.
3, 7, 23, 79
What are the prime factors of 149?
149
What are the prime factors of 24245?
5, 13, 373
What are the prime factors of 20512?
2, 641
What are the prime factors of 71373?
3, 37, 643
List the prime factors of 717.
3, 239
What are the prime factors of 257?
257
List the prime factors of 11682.
2, 3, 11, 59
List the prime factors of 2243.
2243
What are the prime factors of 656?
2, 41
List the prime factors of 38015.
5, 7603
What are the prime factors of 4869?
3, 541
List the prime factors of 4620.
2, 3, 5, 7, 11
List the prime factors of 4815.
3, 5, 107
List the prime factors of 39038.
2, 131, 149
List the prime factors of 12472.
2, 1559
What are the prime factors of 1312?
2, 41
List the prime factors of 4131.
3, 17
List the prime factors of 824.
2, 103
List the prime factors of 21447.
3, 2383
List the prime factors of 18267.
3, 6089
What are the prime factors of 847?
7, 11
What are the prime factors of 64352?
2, 2011
List the prime factors of 19472.
2, 1217
What are the prime factors of 5984?
2, 11, 17
What are the prime factors of 4208?
2, 263
List the prime factors of 8338.
2, 11, 379
List the prime factors of 4624.
2, 17
List the prime factors of 2696.
2, 337
What are the prime factors of 73801?
7, 13, 811
What are the prime factors of 22?
2, 11
What are the prime factors of 4?
2
What are the prime factors of 3181?
3181
What are the prime factors of 17589?
3, 11, 13, 41
List the prime factors of 791.
7, 113
What are the prime factors of 558?
2, 3, 31
List the prime factors of 41103.
3, 4567
List the prime factors of 14176.
2, 443
List the prime factors of 1410.
2, 3, 5, 47
What are the prime factors of 796?
2, 199
What are the prime factors of 9175?
5, 367
What are the prime factors of 1890?
2, 3, 5, 7
List the prime factors of 71545.
5, 41, 349
List the prime factors of 472.
2, 59
List the prime factors of 1098.
2, 3, 61
What are the prime factors of 6082?
2, 3041
List the prime factors of 159858.
2, 3, 83, 107
What are the prime factors of 13787?
17, 811
List the prime factors of 5160.
2, 3, 5, 43
List the prime factors of 6787.
11, 617
List the prime factors of 166596.
2, 3, 13883
What are the prime factors of 6276?
2, 3, 523
What are the prime factors of 1589?
7, 227
What are the prime factors of 11977?
7, 29, 59
List the prime factors of 8734.
2, 11, 397
What are the prime factors of 5717?
5717
List the prime factors of 4290.
2, 3, 5, 11, 13
List the prime factors of 59462.
2, 13, 2287
List the prime factors of 64971.
3, 7219
List the prime factors of 7357.
7, 1051
List the prime factors of 41992.
2, 29, 181
What are the prime factors of 1203?
3, 401
What are the prime factors of 1164?
2, 3, 97
List the prime factors of 49168.
2, 7, 439
List the prime factors of 1572.
2, 3, 131
What are the prime factors of 1065?
3, 5, 71
What are the prime factors of 1110?
2, 3, 5, 37
List the prime factors of 116.
2, 29
List the prime factors of 3870.
2, 3, 5, 43
List the prime factors of 1982.
2, 991
What are the prime factors of 988?
2, 13, 19
What are the prime factors of 106420?
2, 5, 17, 313
List the prime factors of 1220.
2, 5, 61
List the prime factors of 33501.
3, 13, 859
What are the prime factors of 38381?
7, 5483
List the prime factors of 181579.
107, 1697
List the prime factors of 33124.
2, 7, 13
What are the prime factors of 3947?
3947
What are the prime factors of 3425?
5, 137
List the prime factors of 25901.
59, 439
What are the prime factors of 1264?
2, 79
What are the prime factors of 4179?
3, 7, 199
List the prime factors of 2838.
2, 3, 11, 43
List the prime factors of 119020.
2, 5, 11, 541
What are the prime factors of 948?
2, 3, 79
What are the prime factors of 2292?
2, 3, 191
List the prime factors of 2340.
2, 3, 5, 13
What are the prime factors of 5483?
5483
List the prime factors of 2774.
2, 19, 73
What are the prime factors of 93953?
47, 1999
List the prime factors of 8276.
2, 2069
List the prime factors of 4043.
13, 311
List the prime factors of 15930.
2, 3, 5, 59
List the prime factors of 7575.
3, 5, 101
What are the prime factors of 1161?
3, 43
List the prime factors of 5047.
7, 103
List the prime factors of 4878.
2, 3, 271
List the prime factors of 11449.
107
List the prime factors of 34212.
2, 3, 2851
List the prime factors of 78310.
2, 5, 41, 191
What are the prime factors of 2218?
2, 1109
List the prime factors of 15361.
15361
What are the prime factors of 6119?
29, 211
List the prime factors of 198.
2, 3, 11
What are the prime factors of 2036?
2, 509
What are the prime factors of 2620?
2, 5, 131
List the prime factors of 7920.
2, 3, 5, 11
List the prime factors of 17188.
2, 4297
What are the prime factors of 5621?
7, 11, 73
What are the prime factors of 2125?
5, 17
What are the prime factors of 3194?
2, 1597
List the prime factors of 1556.
2, 389
List the prime factors of 6404.
2, 1601
List the prime factors of 1884.
2, 3, 157
List the prime factors of 30406.
2, 23, 661
What are the prime factors of 18898?
2, 11, 859
What are the prime factors of 315?
3, 5, 7
List the prime factors of 50653.
37
What are the prime factors of 1507?
11, 137
List the prime factors of 11846.
2, 5923
What are the prime factors of 527?
17, 31
List the prime factors of 1880.
2, 5, 47
List the prime factors of 1067.
11, 97
List the prime factors of 354.
2, 3, 59
What are the prime factors of 128081?
263, 487
List the prime factors of 429.
3, 11, 13
What are the prime factors of 190?
2, 5, 19
What are the prime factors of 17036?
2, 4259
What are the prime factors of 193?
193
What are the prime factors of 20?
2, 5
List the prime factors of 5045.
5, 1009
List the prime factors of 1694.
2, 7, 11
What are the prime factors of 21673?
21673
What are the prime factors of 2104?
2, 263
List the prime factors of 15213.
3, 11, 461
List the prime factors of 12178.
2, 6089
What are the prime factors of 72694?
2, 19, 1913
What are the prime factors of 25916?
2, 11, 19, 31
What are the prime factors of 22495?
5, 11, 409
List the prime factors of 3578.
2, 1789
What are the prime factors of 95078?
2, 137, 347
What are the prime factors of 601?
601
List the prime factors of 462.
2, 3, 7, 11
List the prime factors of 3268.
2, 19, 43
What are the prime factors of 31511?
31511
List the prime factors of 16459.
109, 151
What are the prime factors of 10709?
10709
What are the prime factors of 4575?
3, 5, 61
What are the prime factors of 62403?
3, 11, 31, 61
List the prime factors of 16784.
2, 1049
List the prime factors of 184.
2, 23
What are the prime factors of 4625?
5, 37
What are the prime factors of 829?
829
What are the prime factors of 167294?
2, 233, 359
List the prime factors of 880.
2, 5, 11
What are the prime factors of 271?
271
What are the prime factors of 381?
3, 127
What are the prime factors of 1356?
2, 3, 113
List the prime factors of 6023.
19, 317
List the prime factors of 829.
829
What are the prime factors of 21840?
2, 3, 5, 7, 13
List the prime factors of 10732.
2, 2683
List the prime factors of 1381.
1381
List the prime factors of 65989.
7, 11, 857
What are the prime factors of 3521?
7, 503
List the prime factors of 2275.
5, 7, 13
What are the prime factors of 944?
2, 59
List the prime factors of 37457.
7, 5351
What are the prime factors of 76665?
3, 5, 19, 269
What are the prime factors of 681?
3, 227
List the prime factors of 414.
2, 3, 23
List the prime factors of 54892.
2, 13723
What are the prime factors of 120709?
120709
What are the prime factors of 3290?
2, 5, 7, 47
What are the prime factors of 1791?
3, 199
List the prime factors of 12823.
12823
What are the prime factors of 1656?
2, 3, 23
List the prime factors of 1190.
2, 5, 7, 17
What are the prime factors of 1057?
7, 151
What are the prime factors of 1488?
2, 3, 31
What are the prime factors of 45103?
23, 37, 53
List the prime factors of 3267.
3, 11
List the prime factors of 3396.
2, 3, 283
What are the prime factors of 19673?
103, 191
List the prime factors of 96210.
2, 3, 5, 1069
What are the prime factors of 1376?
2, 43
List the prime factors of 45950.
2, 5, 919
What are the prime factors of 154399?
7, 23, 137
What are the prime factors of 1